True
Is 2036556 a multiple of 346?
True
Is 210158 a multiple of 284?
False
Is 82196 a multiple of 104?
False
Does 9 divide 256563?
True
Is 455321 a multiple of 18?
False
Is 19081112 a multiple of 504?
False
Does 17 divide 31178?
True
Is 524 a factor of 2307039?
False
Does 288 divide 880704?
True
Is 9 a factor of 1202445?
True
Is 12 a factor of 2048124?
True
Is 76857 a multiple of 11?
True
Is 220 a factor of 9308279?
False
Is 246 a factor of 148092?
True
Does 76 divide 1452209?
False
Does 24 divide 42552?
True
Does 7 divide 5139806?
True
Is 30 a factor of 31132?
False
Does 1886 divide 9037712?
True
Is 28 a factor of 347116?
True
Is 127297 a multiple of 136?
False
Does 571 divide 7685453?
False
Is 18 a factor of 249966?
True
Is 164 a factor of 143969?
False
Is 8 a factor of 76799?
False
Is 3311916 a multiple of 1228?
True
Is 18879 a multiple of 2?
False
Is 1854685 a multiple of 7?
True
Is 1602 a factor of 13359928?
False
Is 771222 a multiple of 22?
False
Is 418253 a multiple of 47?
True
Is 160835 a multiple of 14?
False
Is 223 a factor of 244564?
False
Is 54492 a multiple of 4?
True
Is 59 a factor of 726793?
False
Is 986325 a multiple of 25?
True
Is 595766 a multiple of 16?
False
Does 73 divide 4479791?
True
Is 784915 even?
False
Is 45 a factor of 245385?
True
Is 20 a factor of 246400?
True
Is 2186360 a multiple of 55?
True
Is 358 a factor of 7635971?
False
Is 256823 a multiple of 31?
False
Is 970509 a multiple of 341?
False
Does 207 divide 6854391?
True
Is 17 a factor of 51360?
False
Does 454 divide 2151578?
False
Is 283 a factor of 7023?
False
Is 27 a factor of 53863?
False
Is 8 a factor of 93298?
False
Is 155 a factor of 486243?
False
Does 114 divide 431718?
True
Is 132575 a multiple of 2?
False
Does 6 divide 46878?
True
Does 25 divide 692338?
False
Does 58 divide 112288?
True
Is 3031384 a multiple of 19?
False
Does 10 divide 63241?
False
Does 8 divide 120832?
True
Does 11 divide 432245?
True
Is 318 a factor of 1926085?
False
Is 25 a factor of 223350?
True
Does 763 divide 2923053?
True
Does 69 divide 269376?
True
Is 37 a factor of 379893?
False
Does 19 divide 383160?
False
Is 19 a factor of 1766335?
True
Is 19923 a multiple of 29?
True
Is 5934135 a multiple of 205?
True
Is 3338 a multiple of 32?
False
Is 1233748 a multiple of 479?
False
Is 7260160 a multiple of 8?
True
Does 97 divide 6049?
False
Does 18 divide 1820921?
False
Does 7 divide 137676?
True
Does 2 divide 160253?
False
Is 156 a factor of 2734680?
True
Is 31 a factor of 116622?
True
Is 6 a factor of 13434228?
True
Is 572314 a multiple of 16?
False
Is 51 a factor of 1127171?
False
Does 6 divide 40152?
True
Does 585 divide 4259970?
True
Does 19 divide 104924?
False
Is 1843817 a multiple of 19?
True
Is 6 a factor of 53496?
True
Is 17984 a multiple of 22?
False
Is 30 a factor of 25673130?
True
Does 92 divide 549884?
True
Is 1056 a factor of 1624333?
False
Is 40590 a multiple of 99?
True
Is 160 a factor of 270560?
True
Is 141900 a multiple of 12?
True
Is 121 a factor of 39083?
True
Is 209233 a multiple of 25?
False
Is 29889 a multiple of 8?
False
Does 6 divide 98827?
False
Does 8 divide 5108632?
True
Is 339459 a multiple of 817?
False
Is 8 a factor of 68553?
False
Is 9188383 a multiple of 149?
True
Does 82 divide 224670?
False
Is 678424 a multiple of 6?
False
Is 7 a factor of 568433?
False
Is 1047303 a multiple of 9?
True
Does 229 divide 1002104?
True
Is 14 a factor of 9889663?
False
Is 4 a factor of 26284?
True
Is 2 a factor of 883878?
True
Is 495 a factor of 198915?
False
Is 5376342 a multiple of 138?
True
Does 21 divide 313278?
True
Does 3 divide 2218883?
False
Is 259973 a multiple of 183?
False
Is 1578144 a multiple of 532?
False
Is 83669 a multiple of 255?
False
Does 35 divide 147642?
False
Is 728832 a multiple of 584?
True
Is 10534772 a multiple of 788?
True
Is 4 a factor of 390150?
False
Is 1175584 a multiple of 51?
False
Is 325156 a multiple of 16?
False
Is 371 a factor of 4017930?
True
Is 40700 a multiple of 10?
True
Is 101 a factor of 142208?
True
Is 66 a factor of 538214?
False
Is 26885 even?
False
Does 176 divide 1283270?
False
Does 178 divide 140747?
False
Is 80 a factor of 7069498?
False
Does 272 divide 254793?
False
Is 2283105 a multiple of 5?
True
Does 145 divide 445440?
True
Does 46 divide 661851?
False
Is 12 a factor of 133044?
True
Is 1981686 a multiple of 390?
False
Does 304 divide 133674?
False
Is 10 a factor of 1567560?
True
Does 14 divide 19404?
True
Does 359 divide 478870?
False
Does 3 divide 346374?
True
Does 2 divide 6422?
True
Does 187 divide 397936?
True
Is 11 a factor of 59107?
False
Is 1160099 a multiple of 17?
False
Is 206 a factor of 1798792?
True
Is 6538 even?
True
Does 52 divide 131943?
False
Does 78 divide 706158?
False
Does 36 divide 200069?
False
Is 18 a factor of 4614012?
True
Is 24 a factor of 996922?
False
Is 32168 a multiple of 40?
False
Does 83 divide 3969063?
False
Is 277 a factor of 99166?
True
Is 1122 a factor of 3007967?
False
Is 126 a factor of 147042?
True
Does 107 divide 2467527?
True
Is 176538 a multiple of 204?
False
Is 3 a factor of 267338?
False
Is 20 a factor of 824363?
False
Does 98 divide 1969996?
True
Does 24 divide 793059?
False
Does 452 divide 102634?
False
Is 543 a factor of 12445422?
False
Is 38400 a multiple of 75?
True
Is 6162979 a multiple of 15?
False
Is 89334 a multiple of 14?
True
Is 326 a factor of 1170340?
True
Is 223 a factor of 6156584?
True
Is 125 a factor of 98375?
True
Is 342 a factor of 23920711?
False
Does 10 divide 308936?
False
Does 9 divide 1754721?
True
Does 17 divide 237936?
False
Is 1270666 a multiple of 398?
False
Is 2868390 a multiple of 435?
True
Is 62 a factor of 95481?
False
Does 651 divide 2927838?
False
Is 387270 a multiple of 9?
True
Does 4 divide 2830328?
True
Does 14 divide 7360018?
False
Is 61752 a multiple of 8?
True
Is 260148 a multiple of 312?
False
Is 22 a factor of 177915?
False
Is 363 a factor of 612018?
True
Is 2149774 a multiple of 37?
True
Is 100470 a multiple of 26?
False
Does 24 divide 140976?
True
Is 100666 a multiple of 116?
False
Is 7846320 a multiple of 240?
True
Is 1153380 a multiple of 149?
False
Is 331 a factor of 5103027?
True
Does 130 divide 1350700?
True
Is 5 a factor of 22640?
True
Does 141 divide 102057?
False
Is 17568 a multiple of 376?
False
Does 551 divide 1153243?
True
Is 1799088 a multiple of 222?
True
Is 12 a factor of 53789?
False
Is 109480 a multiple of 35?
True
Is 266467 a multiple of 603?
False
Is 901832 a multiple of 556?
True
Is 575084 a multiple of 109?
True
Is 386 a factor of 125632?
False
Is 1910826 a multiple of 61?
False
Is 781992 a multiple of 8?
True
Does 36 divide 4358?
False
Is 6941848 a multiple of 25?
False
Is 5619947 a multiple of 35?
False
Is 555111 a multiple of 88?
False
Does 31 divide 734400?
False
Is 507460 a multiple of 382?
False
Does 39 divide 611460?
False
Is 8 a factor of 642882?
False
Does 11 divide 29249?
True
Is 148 a factor of 2152660?
True
Does 142 divide 1568779?
False
Is 21295 a multiple of 461?
False
Is 35 a factor of 489055?
True
Does 378 divide 395010?
True
Does 42 divide 365106?
True
Does 134 divide 111086?
True
Is 693616 a multiple of 58?
False
Is 1163940 a multiple of 60?
True
Does 219 divide 95762?
False
Is 51885 a multiple of 16?
False
Does 42 divide 329322?
True
Is 29 a factor of 248574?
False
Is 81 a factor of 5946361?
False
Is 12 a factor of 72312?
True
Is 32 a factor of 78621?
False
Does 47 divide 452001?
False
Does 84 divide 247345?
False
Is 183808 a multiple of 128?
True
Is 3868095 a multiple of 51?
True
Is 2964697 a multiple of 1035?
False
Is 14 a factor of 4271820?
True
Does 240 divide 5706480?
True
Does 1015 divide 2755403?
False
Does 30 divide 32159?
False
Is 438 a factor of 15152222?
False
Is 4093308 a multiple of 6?
True
Is 9535986 a multiple of 342?
True
Does 2 divide 578170?
True
Is 1461960 a multiple of 62?
True
Does 226 divide 5629676?
False
Does 4 divide 1742?
False
Is 45 a factor of 3076359?
False
Is 56425 a multiple of 22?
False
Is 1597780 a multiple of 602?
False
Is 5 a factor of 2394?
False
Does 4 divide 4242534?
False
Is 23978 a multiple of 2?
True
Does 9 divide 2634093?
True
Is 324616 a multiple of 61?
False
Does 22 divide 328988?
True
Does 2 divide 84067?
False
Does 248 divide 268754?
False
Does 28